)?
0
Let p(o) = o**3 + 4*o**2 - 8*o - 7. Let b(n) = n**2 - 5*n - 4. Let d be b(6). Suppose 3*m = -m - 4*r + 20, 3*m + r - 11 = 0. Suppose d = -i - m. Determine p(i).
8
Let l(f) = -f - 48 - 40 - f**2 + 90 + 5*f. Determine l(4).
2
Let l = 11 - 8. Suppose -3*u = -r + l*r - 3, -5*u = 4*r - 5. Let b(x) be the third derivative of x**6/60 - x**5/30 + x**4/24 + x**2. What is b(u)?
1
Let u(i) = 2*i**2 - 2. Suppose 9*p - 6*p = -6. Give u(p).
6
Let z = 77/2 - 38. Let u(a) be the first derivative of a + 1/3*a**3 + z*a**2 - 5/4*a**4 - 2. What is u(-1)?
6
Let k(s) = -1 + 0 + 2*s - 5*s. Determine k(-1).
2
Let t(x) be the third derivative of x**5/60 - x**4/12 - x**3/6 + 3*x**2. Determine t(-2).
7
Let i(z) be the second derivative of -z**5/60 - z**4/4 + 5*z**3/6 - 3*z**2 - z. Let m(p) be the first derivative of i(p). What is m(-6)?
5
Let p(b) = 3*b - 6*b + 3 + 4*b. Let v = -27 + 22. What is p(v)?
-2
Let z(w) = -w**2 + 5*w + 4. Suppose 5*s = 3*b + 4*s - 6, 3*s - 9 = 0. Let a be 0*b/(-12) + 3. What is z(a)?
10
Let j(x) = -x**3 - 9*x**2 + 10*x + 2. Let o be j(-10). Let w(l) = 3*l**2 - o*l - 2*l**2 - 2 + 3*l - 1. Give w(-3).
3
Let x(m) = -862 + m**2 + m**3 - 4*m - 2*m**3 + 865. Determine x(2).
-9
Let z = 13 - 22. Let a be (-34)/z + 8/36. Let y(d) = -d**3 + 4*d**2 - 2*d + 2. Calculate y(a).
-6
Let y(t) be the second derivative of 3*t**5/20 - t**2/2 + 51*t - 1. Let v = -2 - -3. Calculate y(v).
2
Let x = -21 + 18. Let h(t) be the third derivative of t**4/12 + 2*t**3/3 - t**2. Determine h(x).
-2
Let u be 1/(-1) - 1 - -48. Let s = -16 + u. Suppose 0 = -5*a - 2*o - 16, -2*a = 3*a - 5*o + s. Let l(t) = -t**3 - 5*t**2 - 4*t + 5. Determine l(a).
5
Let q(m) = 5*m + m - 5*m. Suppose -5*n - 13 = 2*i, -5*n = -i - 0*n + 16. Let f be (1 - 2) + (-1)/i. Determine q(f).
-2
Suppose -q + 3 = -3*f + 2*f, -4*q = f - 17. Let b(m) be the second derivative of 5/2*m**2 + 1/12*m**4 + 0 - m**3 - 3*m. What is b(q)?
-3
Let c(i) = 16*i - 24*i - 6 + 10*i. Calculate c(6).
6
Let u(b) = b**3 - b**2 + b + 4. Let r be u(0). Let j = r - 2. Let f(s) = s**j + 0*s + s - 8*s + 0*s**2 + 7. What is f(6)?
1
Let l(x) = x**3 - 7*x**2 + 7*x - 1. Let r be l(6). Let m = r - 3. Suppose 3 = -t - m. Let o(h) = h**3 + 5*h**2 + 3. Determine o(t).
3
Let y = 7 + 1. Let v = 10 - y. Let i(p) = -p**3 + p. Give i(v).
-6
Let a be (-3*(-8)/(-6))/(-2). Suppose -2*m - 8 = a*m. Let w(n) = 3 + 32*n**2 - 10*n**2 - 8*n**2 + n**3 + 3*n - 12*n**2. What is w(m)?
-3
Suppose 5*q - 2*q - 18 = -3*b, 9 = -b + 4*q. Let v(m) = -m**3 + 2*m**2 + 3*m - 3. What is v(b)?
-3
Suppose -2*f + 30 = -2*b - 3*b, 24 = -4*b - 4*f. Let r be b/4 - (-4)/8. Let g(m) = -8*m**2 + m + 1. What is g(r)?
-8
Let z(g) = g**3 + 7*g**2 - 8*g - 7. Suppose -2*r = -5*w + 2*r - 44, 0 = -5*w - 4*r - 36. Determine z(w).
-7
Let d(o) = -o**3 - 4*o**2 + 2*o. Let z be (0 - (-5 - -2))*1. Suppose 4*i - z*i = 3. Suppose 2*v = -i*v - 20. Give d(v).
-8
Let m(g) = 4*g + 4*g + 2*g**3 + 7 + 0*g**3 + 6*g**2 - g**3. Let h(t) = t**3 + 6*t**2 + 7*t + 5. Let v be h(-5). Calculate m(v).
-8
Let m(u) = -u. Let x be -2 - -1 - (-13)/13. What is m(x)?
0
Let w(a) = -a + 2 + 5*a - a + a. Give w(-2).
-6
Let m(i) be the third derivative of i**6/120 + i**5/60 - i**4/8 - i**3/6 - 5*i**2. Let s be m(-2). Let x(u) = -5*u**3 + 1. What is x(s)?
-4
Let b(q) = q - 1. Let y(l) = -l**3 - 14*l**2 + l + 21. Let v be y(-14). Calculate b(v).
6
Suppose -5*j - k + 34 = 0, -k - 4*k - 12 = -j. Let p = 0 + -10. Let q = j + p. Let o(g) = g**2 + 4*g + 1. What is o(q)?
-2
Suppose -5*n + 0*n = 5. Let s be n/(-3 - (-3 - -1)). Let r(y) = 0*y + 1 - 2*y**2 + 0*y. Determine r(s).
-1
Let t be 18/(-45)*(0 + -5). Let h(o) be the first derivative of -o - 1/4*o**4 + 2*o**3 - 2*o**2 - t. Determine h(5).
4
Let y(q) be the third derivative of q**5/60 + 5*q**4/24 - q**3/6 + q**2. Calculate y(-6).
5
Let x be -1 + (-1 + 8 - -1). Suppose -x = 2*z - 3*g, g = -3*z - g + 9. Let q(p) = 4*p + p**3 - 4*p**2 - z + 1 - 3. Calculate q(2).
-3
Let s(h) = -4 + 0 - h**2 + 2*h**2. Let m = 116 + -113. Determine s(m).
5
Let s = -2 - -4. Let o(r) = 3*r - 3*r + 0*r - r**s. Calculate o(-2).
-4
Suppose -4*c - 3 = -11. Let i = -4 - -7. Let y(q) = -i + 3 + 2*q. Calculate y(c).
4
Let k(u) = -u**2 + 10*u - 5. Let i be 4 + -3*7/((-105)/20). Calculate k(i).
11
Let x = 4 - -1. Let r = x + -2. Let m(d) = -r*d + 0*d + 2*d. Calculate m(2).
-2
Let d(h) be the second derivative of h**5/20 - h**4/12 - h**3/6 + h**2/2 - 15*h. Let g be (1 - (3 - 2))/1. Give d(g).
1
Suppose 23 = -5*n - c + 2*c, -2*n + 3*c = 17. Let i = 13 + -6. Let b(p) = -8*p + i*p - 2*p. Give b(n).
12
Let v = -39 + 43. Let o(u) be the second derivative of u**3/3 - u**2 - u. Calculate o(v).
6
Let x(b) = -b**3 - b**2 + b - 1. Let w(p) = 4*p**3 - 2*p**2 - 10*p + 7. Let r(o) = -w(o) - 5*x(o). Give r(-6).
4
Let d be 2*2/6*30/4. Let l(a) = a**2 - 5. Determine l(d).
20
Let a(o) = -18 - o + 8 - o**2 + 12. What is a(-3)?
-4
Let k(r) = -4*r - 6*r + 4*r - 4. Give k(-4).
20
Let g(s) = -s**3 + s - 9. Suppose d + 1 = 4. Suppose 0 = u - d*u. Give g(u).
-9
Let a(c) = -6*c - 1. Let w be (-12)/8*(-2)/(-3). Calculate a(w).
5
Let t(a) = a**3 - a**2 - 2*a + 1. Suppose -4 = 5*m + 1, 14 = -5*u - 4*m. Calculate t(u).
-7
Let i(h) = 8*h**2 - 3*h + 3. Let y(w) = -7*w**2 + 3*w - 2. Let k(f) = 6*i(f) + 7*y(f). Suppose -3*l - l + 10 = -5*r, -2*l - r + 12 = 0. What is k(l)?
-6
Let n(l) be the first derivative of -l**6/40 + l**5/60 + l**4/24 + l**3/6 - 2*l**2 + 2. Let k(h) be the second derivative of n(h). Calculate k(-1).
4
Let y be (2 - ((-6)/(-2) + 3)) + 0. Let b(r) = 0 - 4*r**2 - 6 - 4*r + 3*r**2. Give b(y).
-6
Let v(u) = -4*u + 17. Let b(x) = x - 4. Let f(p) = -26*b(p) - 6*v(p). Let n = -48 - -46. Calculate f(n).
6
Suppose x + 2*c - 4*c - 15 = 0, 5*c = -2*x - 6. Let i(u) = -u**2 - 2*u**2 - x*u + 5*u**2 + 5. Let s = -4 + 8. Calculate i(s).
9
Let n = -1 - -3. Let v = n - -1. Let q(t) = 3*t - 2. Calculate q(v).
7
Let y(h) be the second derivative of h**5/20 - h**4/2 + 5*h**3/6 - h**2/2 + 28*h. Give y(4).
-13
Suppose 5*a - 18 = 4*q, -4*a + 14 = a - 2*q. Let i(h) = 9 + 3*h**2 - 2*h**2 - 4 - 2*h**a. Calculate i(0).
5
Suppose -347*b = -346*b. Let n(y) = -1 - 7 - 4*y**2 + 3*y**2 - y. Determine n(b).
-8
Suppose -4*m = -5*v - 16, 2*m + 4*v - 20 = -3*m. Suppose -m*a = -5*a + 3. Let k(q) = 1 - a*q + q - 2*q. Calculate k(-1).
5
Let n(i) = -2*i**3 + 13*i**2 - 7*i + 1. Let s(o) = -o**3 + 6*o**2 - 3*o. Let m(u) = -4*n(u) + 9*s(u). What is m(3)?
-10
Let v(p) = -2*p + 0 - p + 1. Let c = -8 + -10. Let s be (-4)/3 + c/27. Determine v(s).
7
Let q(k) = 3*k**2 + 4*k + 2. Let l be q(-2). Let p = -4 + l. Suppose -p*v = 2*s + 6, -2*v + v + 2*s - 9 = 0. Let j(z) = z - 1. What is j(v)?
-6
Let w = -22 - -19. Let r(g) = -2*g**2 - 3*g - 5. Let o(l) = 2*l**2 + 3*l + 6. Let p(c) = 5*o(c) + 6*r(c). Calculate p(w).
-9
Suppose 8*k - 25 = 3*k. Let z = -8 + k. Let y(i) = i - 1. What is y(z)?
-4
Let n(r) = -3 - 6*r**2 + 5*r**3 - 2*r - r**3 + 0 - 5*r**3. Calculate n(-6).
9
Let u(b) be the third derivative of -b**5/60 + 5*b**4/24 + b**3/2 + 13*b**2. Determine u(4).
7
Let x(i) be the first derivative of i**2/2 - 2. Let a be (-3)/9*(0 + 15). Determine x(a).
-5
Let c(p) = p**2 + 7*p - 5. Let d be c(-7). Let n = d - -2. Let x(y) = y**3 + 3*y**2 + 3*y + 4. What is x(n)?
-5
Let x(w) = -w**2 - 7*w - 2. Let f(r) = 2*r + 6. Let q be f(-6). Give x(q).
4
Let j(o) = o**2 + 3*o - 3. Let n be (-3 - -2)*-2 - 8. Calculate j(n).
15
Let i(a) = a**3 - 5*a**2 - 5*a - 4. Let m = 11 - 11. Suppose 22 = 5*d - 4*s, m = 2*d + s - 2*s - 10. Give i(d).
2
Let f(a) = -2 - 2*a**2 - 6*a + 3*a**2 + 10. Determine f(6).
8
Let w be ((-2)/(-1))/(2/5). Let s be (-2)/((-3 - 1)/(-8)). Let l = w + s. Let i(b) = -3*b. Calculate i(l).
-3
Let c(f) = -2*f**3 + 2*f**2 + 2*f - 2. Let w be c(2). Let p(q) = q**3 + 6*q**2 + 2*q + 3. Determine p(w).
-9
Suppose 4*n - 9 = 5*h + 3, n = 5*h + 18. Let v(g) = g. What is v(h)?
-4
Suppose -j - 3*n + 2 = 5, -2*n - 2 = -4*j. Suppose j = 3*o - 2*f + 26, -4*o + 5 - 17 = 3*f. Let h(p) = p**2 + 7*p + 28 + 24 + 27 + 22 - 97. Calculate h(o).
-2
Let p = 22 - 17. Let d(i) = -2*i + 7. What is d(p)?
-3
Suppose -m - a = -4, 0*m - m = 3*a + 2. Suppose -5*k - 2 + m = 0. Let s(b) = -2*b + 1. Determine s(k).
-1
Let f(b) be the first derivative of -b**3/3 + b + 1. Let g be f(1). Suppose -2*s = 